{"id":47,"date":"2021-02-17T07:42:50","date_gmt":"2021-02-17T07:42:50","guid":{"rendered":"https:\/\/c3.itec.aau.at\/?page_id=47"},"modified":"2021-03-30T12:17:21","modified_gmt":"2021-03-30T12:17:21","slug":"projects","status":"publish","type":"page","link":"https:\/\/c3.itec.aau.at\/index.php\/projects\/","title":{"rendered":"Projects"},"content":{"rendered":"\n<div class=\"wp-block-uagb-info-box uagb-infobox__outer-wrap uagb-block-7d93adcf\"><a href=\"http:\/\/datacloudproject.eu\/\" class=\"uagb-infobox-link-wrap uagb-infbox__link-to-all\" target=\"_blank\" aria-label=\"Infobox Link\" rel=\"noopener noreferrer\"><\/a><div class=\"uagb-infobox__content-wrap  uagb-infobox_cta-type-all uagb-infobox uagb-infobox-has-image uagb-infobox-icon-left uagb-infobox-left uagb-infobox-stacked-tablet uagb-infobox-image-valign-top uagb-infobox-enable-border-radius \"><div class=\"uagb-ifb-left-right-wrap\"><div class=\"uagb-ifb-image-icon-content uagb-ifb-imgicon-wrap\"><div class=\"uagb-ifb-image\"><div class=\"uagb-ifb-image-content\"><img decoding=\"async\" class=\"uagb-ifb-img-src\" src=\"https:\/\/c3.itec.aau.at\/wp-content\/uploads\/2021\/03\/DataCloud_Logo-640x515.png\" alt=\"\"\/><\/div><\/div><\/div><div class=\"uagb-ifb-content\"><div class=\"uagb-ifb-title-wrap\"><span class=\"uagb-ifb-title-prefix\">H2020<\/span><h3 class=\"uagb-ifb-title\">DataCloud<\/h3><\/div><div class=\"uagb-ifb-text-wrap\"><p class=\"uagb-ifb-desc\">Enabling the Big Data Pipeline Lifecycle on the Computing Continuum (2021-2023)<\/p><div class=\"uagb-ifb-separator-parent\"><div class=\"uagb-ifb-separator\"><\/div><\/div><div class=\"uagb-ifb-cta uagb-infobox-cta-link-style\"><\/div><\/div><\/div><\/div><\/div><\/div>\n\n\n\n<div class=\"wp-block-uagb-info-box uagb-infobox__outer-wrap uagb-block-16571dd5\"><div class=\"uagb-infobox__content-wrap uagb-infobox uagb-infobox-has-image uagb-infobox-icon-left uagb-infobox-left uagb-infobox-stacked-tablet uagb-infobox-image-valign-top uagb-infobox-enable-border-radius \"><div class=\"uagb-ifb-left-right-wrap\"><div class=\"uagb-ifb-image-icon-content uagb-ifb-imgicon-wrap\"><div class=\"uagb-ifb-image\"><div class=\"uagb-ifb-image-content\"><img decoding=\"async\" class=\"uagb-ifb-img-src\" src=\"https:\/\/c3.itec.aau.at\/wp-content\/uploads\/2021\/02\/5g_Kaerntner_Fog_Logo.jpg\" alt=\"\"\/><\/div><\/div><\/div><div class=\"uagb-ifb-content\"><div class=\"uagb-ifb-title-wrap\"><span class=\"uagb-ifb-title-prefix\">BABEG<\/span><h3 class=\"uagb-ifb-title\"><strong>K\u00e4rntner Fog<\/strong><\/h3><\/div><div class=\"uagb-ifb-text-wrap\"><p class=\"uagb-ifb-desc\">A 5G-Enabled Fog Infrastructure for Automated Operation of Carinthia\u2019s 5G Playground Application Use Cases (2021-2024)<\/p><div class=\"uagb-ifb-separator-parent\"><div class=\"uagb-ifb-separator\"><\/div><\/div><\/div><\/div><\/div><\/div><\/div>\n\n\n\n<div class=\"wp-block-uagb-info-box uagb-infobox__outer-wrap uagb-block-477c81ec\"><a href=\"http:\/\/adapt-project.solutions\" class=\"uagb-infobox-link-wrap uagb-infbox__link-to-all\" target=\"_blank\" aria-label=\"Infobox Link\" rel=\"noopener noreferrer\"><\/a><div class=\"uagb-infobox__content-wrap  uagb-infobox_cta-type-all uagb-infobox uagb-infobox-has-image uagb-infobox-icon-left uagb-infobox-left uagb-infobox-stacked-tablet uagb-infobox-image-valign-top uagb-infobox-enable-border-radius \"><div class=\"uagb-ifb-left-right-wrap\"><div class=\"uagb-ifb-image-icon-content uagb-ifb-imgicon-wrap\"><div class=\"uagb-ifb-image\"><div class=\"uagb-ifb-image-content\"><img decoding=\"async\" class=\"uagb-ifb-img-src\" src=\"https:\/\/c3.itec.aau.at\/wp-content\/uploads\/2021\/03\/ADAPT_Logo2_500.png\" alt=\"\"\/><\/div><\/div><\/div><div class=\"uagb-ifb-content\"><div class=\"uagb-ifb-title-wrap\"><span class=\"uagb-ifb-title-prefix\">FFG and CAS<\/span><h3 class=\"uagb-ifb-title\">ADAPT<\/h3><\/div><div class=\"uagb-ifb-text-wrap\"><p class=\"uagb-ifb-desc\">ADaptive and Autonomous data Performance connectivity and decentralized Transport decision-making Network, FFG and CAS, 2021-2023<\/p><div class=\"uagb-ifb-separator-parent\"><div class=\"uagb-ifb-separator\"><\/div><\/div><div class=\"uagb-ifb-cta uagb-infobox-cta-link-style\"><\/div><\/div><\/div><\/div><\/div><\/div>\n\n\n\n<div class=\"wp-block-uagb-info-box uagb-infobox__outer-wrap uagb-block-7fba9434\"><a href=\"https:\/\/articonf.eu\" class=\"uagb-infobox-link-wrap uagb-infbox__link-to-all\" target=\"_self\" aria-label=\"Infobox Link\" rel=\"noopener noreferrer\"><\/a><div class=\"uagb-infobox__content-wrap  uagb-infobox_cta-type-all uagb-infobox uagb-infobox-has-image uagb-infobox-icon-left uagb-infobox-left uagb-infobox-stacked-tablet uagb-infobox-image-valign-top uagb-infobox-enable-border-radius \"><div class=\"uagb-ifb-left-right-wrap\"><div class=\"uagb-ifb-image-icon-content uagb-ifb-imgicon-wrap\"><div class=\"uagb-ifb-image\"><div class=\"uagb-ifb-image-content\"><img decoding=\"async\" class=\"uagb-ifb-img-src\" src=\"https:\/\/c3.itec.aau.at\/wp-content\/uploads\/2021\/03\/articonf.jpg\" alt=\"\"\/><\/div><\/div><\/div><div class=\"uagb-ifb-content\"><div class=\"uagb-ifb-title-wrap\"><span class=\"uagb-ifb-title-prefix\">H2020<\/span><h3 class=\"uagb-ifb-title\">Articonf<\/h3><\/div><div class=\"uagb-ifb-text-wrap\"><p class=\"uagb-ifb-desc\">smART SocIal media eCOsytstems in a blockchaiN Federated environment, H2020-ICT-2018-2, 2019-2022<\/p><div class=\"uagb-ifb-separator-parent\"><div class=\"uagb-ifb-separator\"><\/div><\/div><div class=\"uagb-ifb-cta uagb-infobox-cta-link-style\"><\/div><\/div><\/div><\/div><\/div><\/div>\n\n\n\n<div class=\"wp-block-uagb-info-box uagb-infobox__outer-wrap uagb-block-e32053f9\"><a href=\"aspide-project.eu\" class=\"uagb-infobox-link-wrap uagb-infbox__link-to-all\" target=\"_self\" aria-label=\"Infobox Link\" rel=\"noopener noreferrer\"><\/a><div class=\"uagb-infobox__content-wrap  uagb-infobox_cta-type-all uagb-infobox uagb-infobox-has-image uagb-infobox-icon-left uagb-infobox-left uagb-infobox-stacked-tablet uagb-infobox-image-valign-top uagb-infobox-enable-border-radius \"><div class=\"uagb-ifb-left-right-wrap\"><div class=\"uagb-ifb-image-icon-content uagb-ifb-imgicon-wrap\"><div class=\"uagb-ifb-image\"><div class=\"uagb-ifb-image-content\"><img decoding=\"async\" class=\"uagb-ifb-img-src\" src=\"https:\/\/c3.itec.aau.at\/wp-content\/uploads\/2021\/03\/aspide.png\" alt=\"\"\/><\/div><\/div><\/div><div class=\"uagb-ifb-content\"><div class=\"uagb-ifb-title-wrap\"><span class=\"uagb-ifb-title-prefix\">H2020<\/span><h3 class=\"uagb-ifb-title\">ASPIDE<\/h3><\/div><div class=\"uagb-ifb-text-wrap\"><p class=\"uagb-ifb-desc\">exAScale ProgramIng models for extreme Data processing, European Commission, H2020-FETHPC-2017, 2018 \u2013 2020environment, H2020-ICT-2018-2, 2019-2022<\/p><div class=\"uagb-ifb-separator-parent\"><div class=\"uagb-ifb-separator\"><\/div><\/div><div class=\"uagb-ifb-cta uagb-infobox-cta-link-style\"><\/div><\/div><\/div><\/div><\/div><\/div>\n\n\n\n<div class=\"wp-block-uagb-info-box uagb-infobox__outer-wrap uagb-block-9f85e7f6\"><a href=\"https:\/\/codeability.uibk.ac.at\/\" class=\"uagb-infobox-link-wrap uagb-infbox__link-to-all\" target=\"_self\" aria-label=\"Infobox Link\" rel=\"noopener noreferrer\"><\/a><div class=\"uagb-infobox__content-wrap  uagb-infobox_cta-type-all uagb-infobox uagb-infobox-has-image uagb-infobox-icon-left uagb-infobox-left uagb-infobox-stacked-tablet uagb-infobox-image-valign-top uagb-infobox-enable-border-radius \"><div class=\"uagb-ifb-left-right-wrap\"><div class=\"uagb-ifb-image-icon-content uagb-ifb-imgicon-wrap\"><div class=\"uagb-ifb-image\"><div class=\"uagb-ifb-image-content\"><img decoding=\"async\" class=\"uagb-ifb-img-src\" src=\"https:\/\/c3.itec.aau.at\/wp-content\/uploads\/2021\/03\/Logo_codeAbility_transparent.png\" alt=\"\"\/><\/div><\/div><\/div><div class=\"uagb-ifb-content\"><div class=\"uagb-ifb-title-wrap\"><h3 class=\"uagb-ifb-title\">Code Ability<\/h3><\/div><div class=\"uagb-ifb-text-wrap\"><p class=\"uagb-ifb-desc\">&nbsp;Digital unterst\u00fctzte Programmierausbildung an \u00f6sterreichischen Universit\u00e4ten, Bundesministerium f\u00fcr Bildung, Wissenschaft und Forschung (BMBWF), 01\/2020 \u2013 12\/2024<\/p><div class=\"uagb-ifb-separator-parent\"><div class=\"uagb-ifb-separator\"><\/div><\/div><div class=\"uagb-ifb-cta uagb-infobox-cta-link-style\"><\/div><\/div><\/div><\/div><\/div><\/div>\n","protected":false},"excerpt":{"rendered":"","protected":false},"author":3,"featured_media":0,"parent":0,"menu_order":0,"comment_status":"closed","ping_status":"closed","template":"page-templates\/page_fullwidth.php","meta":{"_uag_custom_page_level_css":"","footnotes":""},"class_list":["post-47","page","type-page","status-publish","hentry"],"yoast_head":"<!-- This site is optimized with the Yoast SEO plugin v26.9 - https:\/\/yoast.com\/product\/yoast-seo-wordpress\/ -->\n<title>Projects - C3<\/title>\n<meta name=\"robots\" content=\"index, follow, max-snippet:-1, max-image-preview:large, max-video-preview:-1\" \/>\n<link rel=\"canonical\" href=\"https:\/\/c3.itec.aau.at\/index.php\/projects\/\" \/>\n<meta property=\"og:locale\" content=\"en_US\" \/>\n<meta property=\"og:type\" content=\"article\" \/>\n<meta property=\"og:title\" content=\"Projects - C3\" \/>\n<meta property=\"og:url\" content=\"https:\/\/c3.itec.aau.at\/index.php\/projects\/\" \/>\n<meta property=\"og:site_name\" content=\"C3\" \/>\n<meta property=\"article:modified_time\" content=\"2021-03-30T12:17:21+00:00\" \/>\n<meta property=\"og:image\" content=\"https:\/\/c3.itec.aau.at\/wp-content\/uploads\/2021\/03\/DataCloud_Logo-640x515.png\" \/>\n<meta name=\"twitter:card\" content=\"summary_large_image\" \/>\n<meta name=\"twitter:label1\" content=\"Est. reading time\" \/>\n\t<meta name=\"twitter:data1\" content=\"2 minutes\" \/>\n<script type=\"application\/ld+json\" class=\"yoast-schema-graph\">{\"@context\":\"https:\/\/schema.org\",\"@graph\":[{\"@type\":\"WebPage\",\"@id\":\"https:\/\/c3.itec.aau.at\/index.php\/projects\/\",\"url\":\"https:\/\/c3.itec.aau.at\/index.php\/projects\/\",\"name\":\"Projects - C3\",\"isPartOf\":{\"@id\":\"https:\/\/c3.itec.aau.at\/#website\"},\"primaryImageOfPage\":{\"@id\":\"https:\/\/c3.itec.aau.at\/index.php\/projects\/#primaryimage\"},\"image\":{\"@id\":\"https:\/\/c3.itec.aau.at\/index.php\/projects\/#primaryimage\"},\"thumbnailUrl\":\"https:\/\/c3.itec.aau.at\/wp-content\/uploads\/2021\/03\/DataCloud_Logo-640x515.png\",\"datePublished\":\"2021-02-17T07:42:50+00:00\",\"dateModified\":\"2021-03-30T12:17:21+00:00\",\"breadcrumb\":{\"@id\":\"https:\/\/c3.itec.aau.at\/index.php\/projects\/#breadcrumb\"},\"inLanguage\":\"en-US\",\"potentialAction\":[{\"@type\":\"ReadAction\",\"target\":[\"https:\/\/c3.itec.aau.at\/index.php\/projects\/\"]}]},{\"@type\":\"ImageObject\",\"inLanguage\":\"en-US\",\"@id\":\"https:\/\/c3.itec.aau.at\/index.php\/projects\/#primaryimage\",\"url\":\"https:\/\/c3.itec.aau.at\/wp-content\/uploads\/2021\/03\/DataCloud_Logo.png\",\"contentUrl\":\"https:\/\/c3.itec.aau.at\/wp-content\/uploads\/2021\/03\/DataCloud_Logo.png\",\"width\":1030,\"height\":515},{\"@type\":\"BreadcrumbList\",\"@id\":\"https:\/\/c3.itec.aau.at\/index.php\/projects\/#breadcrumb\",\"itemListElement\":[{\"@type\":\"ListItem\",\"position\":1,\"name\":\"Home\",\"item\":\"https:\/\/c3.itec.aau.at\/\"},{\"@type\":\"ListItem\",\"position\":2,\"name\":\"Projects\"}]},{\"@type\":\"WebSite\",\"@id\":\"https:\/\/c3.itec.aau.at\/#website\",\"url\":\"https:\/\/c3.itec.aau.at\/\",\"name\":\"C3\",\"description\":\"The Carinthian Computing Continuum\",\"potentialAction\":[{\"@type\":\"SearchAction\",\"target\":{\"@type\":\"EntryPoint\",\"urlTemplate\":\"https:\/\/c3.itec.aau.at\/?s={search_term_string}\"},\"query-input\":{\"@type\":\"PropertyValueSpecification\",\"valueRequired\":true,\"valueName\":\"search_term_string\"}}],\"inLanguage\":\"en-US\"}]}<\/script>\n<!-- \/ Yoast SEO plugin. -->","yoast_head_json":{"title":"Projects - C3","robots":{"index":"index","follow":"follow","max-snippet":"max-snippet:-1","max-image-preview":"max-image-preview:large","max-video-preview":"max-video-preview:-1"},"canonical":"https:\/\/c3.itec.aau.at\/index.php\/projects\/","og_locale":"en_US","og_type":"article","og_title":"Projects - C3","og_url":"https:\/\/c3.itec.aau.at\/index.php\/projects\/","og_site_name":"C3","article_modified_time":"2021-03-30T12:17:21+00:00","og_image":[{"url":"https:\/\/c3.itec.aau.at\/wp-content\/uploads\/2021\/03\/DataCloud_Logo-640x515.png","type":"","width":"","height":""}],"twitter_card":"summary_large_image","twitter_misc":{"Est. reading time":"2 minutes"},"schema":{"@context":"https:\/\/schema.org","@graph":[{"@type":"WebPage","@id":"https:\/\/c3.itec.aau.at\/index.php\/projects\/","url":"https:\/\/c3.itec.aau.at\/index.php\/projects\/","name":"Projects - C3","isPartOf":{"@id":"https:\/\/c3.itec.aau.at\/#website"},"primaryImageOfPage":{"@id":"https:\/\/c3.itec.aau.at\/index.php\/projects\/#primaryimage"},"image":{"@id":"https:\/\/c3.itec.aau.at\/index.php\/projects\/#primaryimage"},"thumbnailUrl":"https:\/\/c3.itec.aau.at\/wp-content\/uploads\/2021\/03\/DataCloud_Logo-640x515.png","datePublished":"2021-02-17T07:42:50+00:00","dateModified":"2021-03-30T12:17:21+00:00","breadcrumb":{"@id":"https:\/\/c3.itec.aau.at\/index.php\/projects\/#breadcrumb"},"inLanguage":"en-US","potentialAction":[{"@type":"ReadAction","target":["https:\/\/c3.itec.aau.at\/index.php\/projects\/"]}]},{"@type":"ImageObject","inLanguage":"en-US","@id":"https:\/\/c3.itec.aau.at\/index.php\/projects\/#primaryimage","url":"https:\/\/c3.itec.aau.at\/wp-content\/uploads\/2021\/03\/DataCloud_Logo.png","contentUrl":"https:\/\/c3.itec.aau.at\/wp-content\/uploads\/2021\/03\/DataCloud_Logo.png","width":1030,"height":515},{"@type":"BreadcrumbList","@id":"https:\/\/c3.itec.aau.at\/index.php\/projects\/#breadcrumb","itemListElement":[{"@type":"ListItem","position":1,"name":"Home","item":"https:\/\/c3.itec.aau.at\/"},{"@type":"ListItem","position":2,"name":"Projects"}]},{"@type":"WebSite","@id":"https:\/\/c3.itec.aau.at\/#website","url":"https:\/\/c3.itec.aau.at\/","name":"C3","description":"The Carinthian Computing Continuum","potentialAction":[{"@type":"SearchAction","target":{"@type":"EntryPoint","urlTemplate":"https:\/\/c3.itec.aau.at\/?s={search_term_string}"},"query-input":{"@type":"PropertyValueSpecification","valueRequired":true,"valueName":"search_term_string"}}],"inLanguage":"en-US"}]}},"uagb_featured_image_src":{"full":false,"thumbnail":false,"medium":false,"medium_large":false,"large":false,"amoteam-general":false,"1536x1536":false,"2048x2048":false,"sydney-large-thumb":false,"sydney-medium-thumb":false,"sydney-small-thumb":false,"sydney-service-thumb":false,"sydney-mas-thumb":false},"uagb_author_info":{"display_name":"Dragi Kimovski","author_link":"https:\/\/c3.itec.aau.at\/index.php\/author\/dragi\/"},"uagb_comment_info":0,"uagb_excerpt":null,"_links":{"self":[{"href":"https:\/\/c3.itec.aau.at\/index.php\/wp-json\/wp\/v2\/pages\/47","targetHints":{"allow":["GET"]}}],"collection":[{"href":"https:\/\/c3.itec.aau.at\/index.php\/wp-json\/wp\/v2\/pages"}],"about":[{"href":"https:\/\/c3.itec.aau.at\/index.php\/wp-json\/wp\/v2\/types\/page"}],"author":[{"embeddable":true,"href":"https:\/\/c3.itec.aau.at\/index.php\/wp-json\/wp\/v2\/users\/3"}],"replies":[{"embeddable":true,"href":"https:\/\/c3.itec.aau.at\/index.php\/wp-json\/wp\/v2\/comments?post=47"}],"version-history":[{"count":8,"href":"https:\/\/c3.itec.aau.at\/index.php\/wp-json\/wp\/v2\/pages\/47\/revisions"}],"predecessor-version":[{"id":211,"href":"https:\/\/c3.itec.aau.at\/index.php\/wp-json\/wp\/v2\/pages\/47\/revisions\/211"}],"wp:attachment":[{"href":"https:\/\/c3.itec.aau.at\/index.php\/wp-json\/wp\/v2\/media?parent=47"}],"curies":[{"name":"wp","href":"https:\/\/api.w.org\/{rel}","templated":true}]}}